CRAN Package Check Results for Package xtune

Last updated on 2020-05-30 13:51:42 CEST.

Flavor Version Tinstall Tcheck Ttotal Status Flags
r-devel-linux-x86_64-debian-clang 0.1.0 10.14 107.40 117.54 NOTE
r-devel-linux-x86_64-debian-gcc 0.1.0 7.88 89.96 97.84 NOTE
r-devel-linux-x86_64-fedora-clang 0.1.0 143.83 OK
r-devel-linux-x86_64-fedora-gcc 0.1.0 141.10 OK
r-devel-windows-ix86+x86_64 0.1.0 25.00 180.00 205.00 NOTE
r-patched-linux-x86_64 0.1.0 7.87 104.98 112.85 NOTE
r-patched-solaris-x86 0.1.0 200.20 OK
r-release-linux-x86_64 0.1.0 9.34 107.40 116.74 NOTE
r-release-osx-x86_64 0.1.0 OK
r-release-windows-ix86+x86_64 0.1.0 18.00 197.00 215.00 NOTE
r-oldrel-osx-x86_64 0.1.0 OK
r-oldrel-windows-ix86+x86_64 0.1.0 18.00 110.00 128.00 OK

Check Details

Version: 0.1.0
Check: package vignettes
Result: NOTE
    Package vignette with placeholder title 'Vignette Title':
     'vignette.Rmd'
Flavors: r-devel-linux-x86_64-debian-clang, r-devel-linux-x86_64-debian-gcc, r-devel-windows-ix86+x86_64, r-patched-linux-x86_64, r-release-linux-x86_64, r-release-windows-ix86+x86_64