CRAN Package Check Results for Package xtable

Last updated on 2022-05-20 12:53:40 CEST.

Flavor Version Tinstall Tcheck Ttotal Status Flags
r-devel-linux-x86_64-debian-clang 1.8-4 2.88 69.36 72.24 NOTE
r-devel-linux-x86_64-debian-gcc 1.8-4 2.22 54.13 56.35 NOTE
r-devel-linux-x86_64-fedora-clang 1.8-4 94.69 NOTE
r-devel-linux-x86_64-fedora-gcc 1.8-4 94.10 NOTE
r-devel-windows-x86_64 1.8-4 24.00 131.00 155.00 OK
r-patched-linux-x86_64 1.8-4 3.10 66.15 69.25 NOTE
r-release-linux-x86_64 1.8-4 3.09 66.77 69.86 NOTE
r-release-macos-arm64 1.8-4 40.00 OK
r-release-macos-x86_64 1.8-4 61.00 OK
r-release-windows-x86_64 1.8-4 27.00 139.00 166.00 OK
r-oldrel-macos-arm64 1.8-4 52.00 OK
r-oldrel-macos-x86_64 1.8-4 74.00 OK
r-oldrel-windows-ix86+x86_64 1.8-4 12.00 112.00 124.00 OK

Check Details

Version: 1.8-4
Check: for non-standard things in the check directory
Result: NOTE
    Found the following files/directories:
     'xtable.html' 'xtable.tex'
Flavors: r-devel-linux-x86_64-debian-clang, r-devel-linux-x86_64-debian-gcc, r-devel-linux-x86_64-fedora-clang, r-devel-linux-x86_64-fedora-gcc, r-patched-linux-x86_64, r-release-linux-x86_64