CRAN Package Check Results for Package xpose4

Last updated on 2022-10-02 21:53:57 CEST.

Flavor Version Tinstall Tcheck Ttotal Status Flags
r-devel-linux-x86_64-debian-clang 4.7.2 26.30 208.21 234.51 NOTE
r-devel-linux-x86_64-debian-gcc 4.7.2 16.39 152.62 169.01 NOTE
r-devel-linux-x86_64-fedora-clang 4.7.2 299.01 NOTE
r-devel-linux-x86_64-fedora-gcc 4.7.2 286.52 NOTE
r-devel-windows-x86_64 4.7.2 96.00 285.00 381.00 NOTE
r-patched-linux-x86_64 4.7.2 27.92 183.43 211.35 OK
r-release-linux-x86_64 4.7.2 17.55 185.92 203.47 OK
r-release-macos-arm64 4.7.2 65.00 OK
r-release-macos-x86_64 4.7.2 87.00 OK
r-release-windows-x86_64 4.7.2 96.00 254.00 350.00 OK
r-oldrel-macos-arm64 4.7.2 61.00 OK
r-oldrel-macos-x86_64 4.7.2 85.00 OK
r-oldrel-windows-ix86+x86_64 4.7.2 47.00 233.00 280.00 OK

Check Details

Version: 4.7.2
Check: Rd files
Result: NOTE
    checkRd: (-1) read.npc.vpc.results.Rd:16: Escaped LaTeX specials: \_
    checkRd: (-1) read.npc.vpc.results.Rd:19: Escaped LaTeX specials: \_ \_ \_ \_ \_ \_
    checkRd: (-1) read.npc.vpc.results.Rd:22: Escaped LaTeX specials: \_
Flavors: r-devel-linux-x86_64-debian-clang, r-devel-linux-x86_64-debian-gcc, r-devel-linux-x86_64-fedora-clang, r-devel-linux-x86_64-fedora-gcc, r-devel-windows-x86_64