Last updated on 2023-10-03 19:06:09 CEST.
Flavor | Version | Tinstall | Tcheck | Ttotal | Status | Flags |
---|---|---|---|---|---|---|
r-devel-linux-x86_64-debian-clang | 0.4.0 | 11.65 | 89.51 | 101.16 | OK | |
r-devel-linux-x86_64-debian-gcc | 0.4.0 | 7.72 | 64.05 | 71.77 | OK | |
r-devel-linux-x86_64-fedora-clang | 0.4.0 | 117.08 | OK | |||
r-devel-linux-x86_64-fedora-gcc | 0.4.0 | 115.26 | OK | |||
r-devel-windows-x86_64 | 0.4.0 | 12.00 | 80.00 | 92.00 | OK | |
r-patched-linux-x86_64 | 0.4.0 | 8.51 | 82.27 | 90.78 | OK | |
r-release-linux-x86_64 | 0.4.0 | 6.83 | 81.88 | 88.71 | OK | |
r-release-macos-arm64 | 0.4.0 | 39.00 | OK | |||
r-release-macos-x86_64 | 0.4.0 | 62.00 | NOTE | |||
r-release-windows-x86_64 | 0.4.0 | 14.00 | 91.00 | 105.00 | OK | |
r-oldrel-macos-arm64 | 0.4.0 | 39.00 | OK | |||
r-oldrel-macos-x86_64 | 0.4.0 | 50.00 | OK | |||
r-oldrel-windows-x86_64 | 0.4.0 | 14.00 | 99.00 | 113.00 | OK |
Version: 0.4.0
Check: package dependencies
Result: NOTE
Package suggested but not available for checking: ‘nlmixr2’
Flavor: r-release-macos-x86_64