CRAN Package Check Results for Package xergm.common

Last updated on 2020-12-04 19:48:45 CET.

Flavor Version Tinstall Tcheck Ttotal Status Flags
r-devel-linux-x86_64-debian-clang 1.7.8 10.85 82.83 93.68 OK
r-devel-linux-x86_64-debian-gcc 1.7.8 9.44 66.80 76.24 OK
r-devel-linux-x86_64-fedora-clang 1.7.8 118.29 NOTE
r-devel-linux-x86_64-fedora-gcc 1.7.8 108.80 OK
r-devel-windows-ix86+x86_64 1.7.8 22.00 106.00 128.00 OK
r-patched-linux-x86_64 1.7.8 9.12 78.21 87.33 OK
r-patched-solaris-x86 1.7.8 153.90 OK
r-release-linux-x86_64 1.7.8 10.27 77.90 88.17 OK
r-release-macos-x86_64 1.7.8 OK
r-release-windows-ix86+x86_64 1.7.8 17.00 106.00 123.00 OK
r-oldrel-macos-x86_64 1.7.8 OK
r-oldrel-windows-ix86+x86_64 1.7.8 19.00 97.00 116.00 OK

Check Details

Version: 1.7.8
Check: Rd cross-references
Result: NOTE
    Undeclared package ‘RSiena’ in Rd xrefs
Flavor: r-devel-linux-x86_64-fedora-clang