CRAN Package Check Results for Package x13binary

Last updated on 2020-05-29 07:54:12 CEST.

Flavor Version Tinstall Tcheck Ttotal Status Flags
r-devel-linux-x86_64-debian-clang 1.1.39-2 2.71 18.23 20.94 NOTE
r-devel-linux-x86_64-debian-gcc 1.1.39-2 1.91 14.98 16.89 NOTE
r-devel-linux-x86_64-fedora-clang 1.1.39-2 26.99 NOTE
r-devel-linux-x86_64-fedora-gcc 1.1.39-2 26.22 NOTE
r-devel-windows-ix86+x86_64 1.1.39-2 8.00 40.00 48.00 NOTE
r-patched-linux-x86_64 1.1.39-2 2.49 18.59 21.08 NOTE
r-patched-solaris-x86 1.1.39-2 38.20 NOTE
r-release-linux-x86_64 1.1.39-2 2.72 18.42 21.14 NOTE
r-release-osx-x86_64 1.1.39-2 NOTE
r-release-windows-ix86+x86_64 1.1.39-2 7.00 43.00 50.00 NOTE
r-oldrel-osx-x86_64 1.1.39-2 NOTE
r-oldrel-windows-ix86+x86_64 1.1.39-2 7.00 40.00 47.00 NOTE

Check Details

Version: 1.1.39-2
Check: whether package can be installed
Result: NOTE
    Found the following notes/warnings:
     Non-staged installation was used
Flavors: r-devel-linux-x86_64-debian-clang, r-devel-linux-x86_64-debian-gcc, r-devel-linux-x86_64-fedora-clang, r-devel-linux-x86_64-fedora-gcc, r-devel-windows-ix86+x86_64, r-patched-linux-x86_64, r-patched-solaris-x86, r-release-linux-x86_64, r-release-osx-x86_64, r-release-windows-ix86+x86_64, r-oldrel-osx-x86_64, r-oldrel-windows-ix86+x86_64

Version: 1.1.39-2
Check: installed package size
Result: NOTE
     installed size is 5.6Mb
     sub-directories of 1Mb or more:
     bin 5.4Mb
Flavors: r-devel-linux-x86_64-fedora-clang, r-release-osx-x86_64, r-oldrel-osx-x86_64

Version: 1.1.39-2
Check: top-level files
Result: NOTE
    ‘configure’: /bin/bash is not portable
Flavors: r-devel-linux-x86_64-fedora-clang, r-devel-linux-x86_64-fedora-gcc