CRAN Package Check Results for Package wrTopDownFrag

Last updated on 2022-10-06 12:55:42 CEST.

Flavor Version Tinstall Tcheck Ttotal Status Flags
r-devel-linux-x86_64-debian-clang 1.0.2 5.40 40.15 45.55 NOTE
r-devel-linux-x86_64-debian-gcc 1.0.2 3.30 30.19 33.49 NOTE
r-devel-linux-x86_64-fedora-clang 1.0.2 67.33 NOTE
r-devel-linux-x86_64-fedora-gcc 1.0.2 65.44 NOTE
r-devel-windows-x86_64 1.0.2 39.00 70.00 109.00 NOTE
r-patched-linux-x86_64 1.0.2 6.74 37.65 44.39 NOTE
r-release-linux-x86_64 1.0.2 4.80 38.06 42.86 NOTE
r-release-macos-arm64 1.0.2 21.00 NOTE
r-release-macos-x86_64 1.0.2 29.00 NOTE
r-release-windows-x86_64 1.0.2 21.00 70.00 91.00 NOTE
r-oldrel-macos-arm64 1.0.2 23.00 NOTE
r-oldrel-macos-x86_64 1.0.2 33.00 NOTE
r-oldrel-windows-ix86+x86_64 1.0.2 11.00 63.00 74.00 NOTE

Check Details

Version: 1.0.2
Check: LazyData
Result: NOTE
     'LazyData' is specified without a 'data' directory
Flavors: r-devel-linux-x86_64-debian-clang, r-devel-linux-x86_64-debian-gcc, r-devel-linux-x86_64-fedora-clang, r-devel-linux-x86_64-fedora-gcc, r-devel-windows-x86_64, r-patched-linux-x86_64, r-release-linux-x86_64, r-release-macos-arm64, r-release-macos-x86_64, r-release-windows-x86_64, r-oldrel-macos-arm64, r-oldrel-macos-x86_64, r-oldrel-windows-ix86+x86_64

Version: 1.0.2
Check: package dependencies
Result: NOTE
    Package suggested but not available for checking: ‘BiocParallel’
Flavor: r-oldrel-macos-arm64