CRAN Package Check Results for Package wpp2015

Last updated on 2022-08-13 00:51:15 CEST.

Flavor Version Tinstall Tcheck Ttotal Status Flags
r-devel-linux-x86_64-debian-clang 1.1-2 2.92 44.95 47.87 OK
r-devel-linux-x86_64-debian-gcc 1.1-2 2.33 35.09 37.42 OK
r-devel-linux-x86_64-fedora-clang 1.1-2 66.12 NOTE
r-devel-linux-x86_64-fedora-gcc 1.1-2 65.93 OK
r-devel-windows-x86_64 1.1-2 10.00 81.00 91.00 NOTE
r-patched-linux-x86_64 1.1-2 2.68 42.61 45.29 OK
r-release-linux-x86_64 1.1-2 2.03 42.73 44.76 OK
r-release-macos-arm64 1.1-2 25.00 NOTE
r-release-macos-x86_64 1.1-2 36.00 NOTE
r-release-windows-x86_64 1.1-2 20.00 82.00 102.00 NOTE
r-oldrel-macos-arm64 1.1-2 29.00 NOTE
r-oldrel-macos-x86_64 1.1-2 44.00 NOTE
r-oldrel-windows-ix86+x86_64 1.1-2 11.00 74.00 85.00 NOTE

Check Details

Version: 1.1-2
Check: installed package size
Result: NOTE
     installed size is 11.4Mb
     sub-directories of 1Mb or more:
     data 11.2Mb
Flavors: r-devel-linux-x86_64-fedora-clang, r-devel-windows-x86_64, r-release-macos-arm64, r-release-macos-x86_64, r-release-windows-x86_64, r-oldrel-macos-arm64, r-oldrel-macos-x86_64, r-oldrel-windows-ix86+x86_64