CRAN Package Check Results for Package wordgraph

Last updated on 2020-09-22 14:05:15 CEST.

Flavor Version Tinstall Tcheck Ttotal Status Flags
r-devel-linux-x86_64-debian-clang 0.1.0 3.03 25.80 28.83 OK
r-devel-linux-x86_64-debian-gcc 0.1.0 2.34 20.59 22.93 OK
r-devel-linux-x86_64-fedora-clang 0.1.0 50.45 NOTE
r-devel-linux-x86_64-fedora-gcc 0.1.0 35.14 NOTE
r-devel-windows-ix86+x86_64 0.1.0 8.00 36.00 44.00 OK
r-patched-linux-x86_64 0.1.0 1.81 25.76 27.57 OK
r-patched-solaris-x86 0.1.0 50.00 NOTE
r-release-linux-x86_64 0.1.0 1.90 25.65 27.55 OK
r-release-macos-x86_64 0.1.0 NOTE
r-release-windows-ix86+x86_64 0.1.0 8.00 33.00 41.00 OK
r-oldrel-macos-x86_64 0.1.0 NOTE
r-oldrel-windows-ix86+x86_64 0.1.0 4.00 46.00 50.00 OK

Check Details

Version: 0.1.0
Check: data for non-ASCII characters
Result: NOTE
     Note: found 6738 marked UTF-8 strings
Flavors: r-devel-linux-x86_64-fedora-clang, r-devel-linux-x86_64-fedora-gcc, r-patched-solaris-x86, r-release-macos-x86_64, r-oldrel-macos-x86_64