Last updated on 2022-08-17 06:51:32 CEST.
Flavor | Version | Tinstall | Tcheck | Ttotal | Status | Flags |
---|---|---|---|---|---|---|
r-devel-linux-x86_64-debian-clang | 0.2.1 | 2.05 | 33.47 | 35.52 | OK | |
r-devel-linux-x86_64-debian-gcc | 0.2.1 | OK | ||||
r-devel-linux-x86_64-fedora-clang | 0.2.1 | 55.91 | NOTE | |||
r-devel-linux-x86_64-fedora-gcc | 0.2.1 | 54.83 | NOTE | |||
r-devel-windows-x86_64 | 0.2.1 | 38.00 | 64.00 | 102.00 | OK | |
r-patched-linux-x86_64 | 0.2.1 | 2.02 | 32.06 | 34.08 | OK | |
r-release-linux-x86_64 | 0.2.1 | 3.28 | 32.33 | 35.61 | OK | |
r-release-macos-arm64 | 0.2.1 | 21.00 | NOTE | |||
r-release-macos-x86_64 | 0.2.1 | 28.00 | NOTE | |||
r-release-windows-x86_64 | 0.2.1 | 35.00 | 64.00 | 99.00 | OK | |
r-oldrel-macos-arm64 | 0.2.1 | 42.00 | NOTE | |||
r-oldrel-macos-x86_64 | 0.2.1 | 29.00 | NOTE | |||
r-oldrel-windows-ix86+x86_64 | 0.2.1 | 8.00 | 59.00 | 67.00 | OK |
Version: 0.2.1
Check: data for non-ASCII characters
Result: NOTE
Note: found 933 marked UTF-8 strings
Flavors: r-devel-linux-x86_64-fedora-clang, r-devel-linux-x86_64-fedora-gcc, r-release-macos-arm64, r-release-macos-x86_64, r-oldrel-macos-arm64, r-oldrel-macos-x86_64