CRAN Package Check Results for Package wordbankr

Last updated on 2022-08-17 06:51:32 CEST.

Flavor Version Tinstall Tcheck Ttotal Status Flags
r-devel-linux-x86_64-debian-clang 0.3.1 14.11 130.58 144.69 OK
r-devel-linux-x86_64-debian-gcc 0.3.1 OK
r-devel-linux-x86_64-fedora-clang 0.3.1 175.08 NOTE
r-devel-linux-x86_64-fedora-gcc 0.3.1 178.70 NOTE
r-devel-windows-x86_64 0.3.1 16.00 258.00 274.00 OK
r-patched-linux-x86_64 0.3.1 8.02 120.84 128.86 OK
r-release-linux-x86_64 0.3.1 8.78 123.34 132.12 OK
r-release-macos-arm64 0.3.1 147.00 NOTE
r-release-macos-x86_64 0.3.1 176.00 NOTE
r-release-windows-x86_64 0.3.1 23.00 264.00 287.00 OK
r-oldrel-macos-arm64 0.3.1 155.00 NOTE
r-oldrel-macos-x86_64 0.3.1 163.00 NOTE
r-oldrel-windows-ix86+x86_64 0.3.1 27.00 257.00 284.00 OK

Check Details

Version: 0.3.1
Check: dependencies in R code
Result: NOTE
    Namespace in Imports field not imported from: ‘dbplyr’
     All declared Imports should be used.
Flavors: r-devel-linux-x86_64-fedora-clang, r-devel-linux-x86_64-fedora-gcc, r-release-macos-arm64, r-release-macos-x86_64, r-oldrel-macos-arm64, r-oldrel-macos-x86_64