CRAN Package Check Results for Package wmwpow

Last updated on 2020-10-21 13:50:09 CEST.

Flavor Version Tinstall Tcheck Ttotal Status Flags
r-devel-linux-x86_64-debian-clang 0.1.3 2.93 33.53 36.46 OK
r-devel-linux-x86_64-debian-gcc 0.1.3 2.33 26.47 28.80 OK
r-devel-linux-x86_64-fedora-clang 0.1.3 55.66 NOTE
r-devel-linux-x86_64-fedora-gcc 0.1.3 42.86 NOTE
r-devel-windows-ix86+x86_64 0.1.3 7.00 48.00 55.00 OK
r-patched-linux-x86_64 0.1.3 2.87 32.50 35.37 OK
r-patched-solaris-x86 0.1.3 61.40 NOTE
r-release-linux-x86_64 0.1.3 2.72 32.45 35.17 OK
r-release-macos-x86_64 0.1.3 NOTE
r-release-windows-ix86+x86_64 0.1.3 7.00 39.00 46.00 OK
r-oldrel-macos-x86_64 0.1.3 NOTE
r-oldrel-windows-ix86+x86_64 0.1.3 6.00 36.00 42.00 OK

Check Details

Version: 0.1.3
Check: dependencies in R code
Result: NOTE
    Namespace in Imports field not imported from: ‘MASS’
     All declared Imports should be used.
Flavors: r-devel-linux-x86_64-fedora-clang, r-devel-linux-x86_64-fedora-gcc, r-patched-solaris-x86, r-release-macos-x86_64, r-oldrel-macos-x86_64