CRAN Package Check Results for Package widgetframe

Last updated on 2022-10-07 12:55:19 CEST.

Flavor Version Tinstall Tcheck Ttotal Status Flags
r-devel-linux-x86_64-debian-clang 0.3.1 2.88 34.76 37.64 NOTE
r-devel-linux-x86_64-debian-gcc 0.3.1 2.40 26.97 29.37 NOTE
r-devel-linux-x86_64-fedora-clang 0.3.1 58.02 NOTE
r-devel-linux-x86_64-fedora-gcc 0.3.1 54.40 NOTE
r-devel-windows-x86_64 0.3.1 16.00 67.00 83.00 NOTE
r-patched-linux-x86_64 0.3.1 2.81 33.82 36.63 NOTE
r-release-linux-x86_64 0.3.1 2.97 32.49 35.46 NOTE
r-release-macos-arm64 0.3.1 19.00 NOTE
r-release-macos-x86_64 0.3.1 28.00 NOTE
r-release-windows-x86_64 0.3.1 6.00 63.00 69.00 NOTE
r-oldrel-macos-arm64 0.3.1 24.00 NOTE
r-oldrel-macos-x86_64 0.3.1 32.00 NOTE
r-oldrel-windows-ix86+x86_64 0.3.1 9.00 59.00 68.00 NOTE

Check Details

Version: 0.3.1
Check: LazyData
Result: NOTE
     'LazyData' is specified without a 'data' directory
Flavors: r-devel-linux-x86_64-debian-clang, r-devel-linux-x86_64-debian-gcc, r-devel-linux-x86_64-fedora-clang, r-devel-linux-x86_64-fedora-gcc, r-devel-windows-x86_64, r-patched-linux-x86_64, r-release-linux-x86_64, r-release-macos-arm64, r-release-macos-x86_64, r-release-windows-x86_64, r-oldrel-macos-arm64, r-oldrel-macos-x86_64, r-oldrel-windows-ix86+x86_64