CRAN Package Check Results for Package wdnr.gis

Last updated on 2022-10-07 00:49:38 CEST.

Flavor Version Tinstall Tcheck Ttotal Status Flags
r-devel-linux-x86_64-debian-clang 0.1.4 8.58 78.62 87.20 OK
r-devel-linux-x86_64-debian-gcc 0.1.4 5.55 58.13 63.68 OK
r-devel-linux-x86_64-fedora-clang 0.1.4 112.96 NOTE
r-devel-linux-x86_64-fedora-gcc 0.1.4 111.70 NOTE
r-devel-windows-x86_64 0.1.4 27.00 108.00 135.00 OK
r-patched-linux-x86_64 0.1.4 11.52 72.90 84.42 OK
r-release-linux-x86_64 0.1.4 7.44 73.61 81.05 OK
r-release-macos-arm64 0.1.4 32.00 NOTE
r-release-macos-x86_64 0.1.4 43.00 NOTE
r-release-windows-x86_64 0.1.4 20.00 104.00 124.00 OK
r-oldrel-macos-arm64 0.1.4 33.00 NOTE
r-oldrel-macos-x86_64 0.1.4 46.00 NOTE
r-oldrel-windows-ix86+x86_64 0.1.4 19.00 98.00 117.00 OK

Check Details

Version: 0.1.4
Check: dependencies in R code
Result: NOTE
    Namespaces in Imports field not imported from:
     ‘ggplot2’ ‘httr’ ‘jsonlite’
     All declared Imports should be used.
Flavors: r-devel-linux-x86_64-fedora-clang, r-devel-linux-x86_64-fedora-gcc, r-release-macos-arm64, r-release-macos-x86_64, r-oldrel-macos-arm64, r-oldrel-macos-x86_64