Last updated on 2023-12-02 00:52:14 CET.
Flavor | Version | Tinstall | Tcheck | Ttotal | Status | Flags |
---|---|---|---|---|---|---|
r-devel-linux-x86_64-debian-clang | 1.0 | 5.28 | 45.67 | 50.95 | OK | |
r-devel-linux-x86_64-debian-gcc | 1.0 | 3.24 | 34.54 | 37.78 | OK | |
r-devel-linux-x86_64-fedora-clang | 1.0 | 66.78 | NOTE | |||
r-devel-linux-x86_64-fedora-gcc | 1.0 | 71.67 | NOTE | |||
r-devel-windows-x86_64 | 1.0 | 7.00 | 56.00 | 63.00 | OK | |
r-patched-linux-x86_64 | 1.0 | 3.66 | 43.93 | 47.59 | OK | |
r-release-linux-x86_64 | 1.0 | 3.18 | 44.22 | 47.40 | OK | |
r-release-macos-arm64 | 1.0 | 27.00 | OK | |||
r-release-macos-x86_64 | 1.0 | 55.00 | OK | |||
r-release-windows-x86_64 | 1.0 | 7.00 | 58.00 | 65.00 | OK | |
r-oldrel-macos-arm64 | 1.0 | 23.00 | OK | |||
r-oldrel-macos-x86_64 | 1.0 | 33.00 | OK | |||
r-oldrel-windows-x86_64 | 1.0 | 7.00 | 64.00 | 71.00 | OK |
Version: 1.0
Check: dependencies in R code
Result: NOTE
Namespace in Imports field not imported from: ‘survival’
All declared Imports should be used.
Flavors: r-devel-linux-x86_64-fedora-clang, r-devel-linux-x86_64-fedora-gcc