CRAN Package Check Results for Package waydown

Last updated on 2022-08-12 00:50:02 CEST.

Flavor Version Tinstall Tcheck Ttotal Status Flags
r-devel-linux-x86_64-debian-clang 1.1.0 2.49 246.37 248.86 NOTE
r-devel-linux-x86_64-debian-gcc 1.1.0 1.90 152.11 154.01 NOTE
r-devel-linux-x86_64-fedora-clang 1.1.0 280.29 NOTE
r-devel-linux-x86_64-fedora-gcc 1.1.0 282.43 NOTE
r-devel-windows-x86_64 1.1.0 10.00 292.00 302.00 NOTE
r-patched-linux-x86_64 1.1.0 2.09 223.77 225.86 NOTE
r-release-linux-x86_64 1.1.0 1.90 213.95 215.85 NOTE
r-release-macos-arm64 1.1.0 62.00 NOTE
r-release-macos-x86_64 1.1.0 86.00 NOTE
r-release-windows-x86_64 1.1.0 7.00 268.00 275.00 NOTE
r-oldrel-macos-arm64 1.1.0 79.00 NOTE
r-oldrel-macos-x86_64 1.1.0 123.00 NOTE
r-oldrel-windows-ix86+x86_64 1.1.0 7.00 271.00 278.00 NOTE

Check Details

Version: 1.1.0
Check: LazyData
Result: NOTE
     'LazyData' is specified without a 'data' directory
Flavors: r-devel-linux-x86_64-debian-clang, r-devel-linux-x86_64-debian-gcc, r-devel-linux-x86_64-fedora-clang, r-devel-linux-x86_64-fedora-gcc, r-devel-windows-x86_64, r-patched-linux-x86_64, r-release-linux-x86_64, r-release-macos-arm64, r-release-macos-x86_64, r-release-windows-x86_64, r-oldrel-macos-arm64, r-oldrel-macos-x86_64, r-oldrel-windows-ix86+x86_64