CRAN Package Check Results for Package waterquality

Last updated on 2020-10-30 01:48:47 CET.

Flavor Version Tinstall Tcheck Ttotal Status Flags
r-devel-linux-x86_64-debian-clang 0.2.6 26.66 320.31 346.97 OK
r-devel-linux-x86_64-debian-gcc 0.2.6 21.46 255.63 277.09 OK
r-devel-linux-x86_64-fedora-clang 0.2.6 439.61 NOTE
r-devel-linux-x86_64-fedora-gcc 0.2.6 412.28 NOTE
r-devel-windows-ix86+x86_64 0.2.6 56.00 324.00 380.00 OK
r-patched-linux-x86_64 0.2.6 23.99 302.35 326.34 OK
r-patched-solaris-x86 0.2.6 618.10 NOTE
r-release-linux-x86_64 0.2.6 26.52 301.85 328.37 OK
r-release-macos-x86_64 0.2.6 NOTE
r-release-windows-ix86+x86_64 0.2.6 38.00 367.00 405.00 OK
r-oldrel-macos-x86_64 0.2.6 NOTE
r-oldrel-windows-ix86+x86_64 0.2.6 38.00 232.00 270.00 OK

Check Details

Version: 0.2.6
Check: dependencies in R code
Result: NOTE
    Namespaces in Imports field not imported from:
     ‘rgdal’ ‘vctrs’
     All declared Imports should be used.
Flavors: r-devel-linux-x86_64-fedora-clang, r-devel-linux-x86_64-fedora-gcc, r-patched-solaris-x86, r-release-macos-x86_64, r-oldrel-macos-x86_64