CRAN Package Check Results for Package warpMix

Last updated on 2020-10-26 13:47:13 CET.

Flavor Version Tinstall Tcheck Ttotal Status Flags
r-devel-linux-x86_64-debian-clang 0.1.0 11.10 92.26 103.36 OK
r-devel-linux-x86_64-debian-gcc 0.1.0 9.22 69.19 78.41 OK
r-devel-linux-x86_64-fedora-clang 0.1.0 138.26 NOTE
r-devel-linux-x86_64-fedora-gcc 0.1.0 119.74 NOTE
r-devel-windows-ix86+x86_64 0.1.0 24.00 110.00 134.00 OK
r-patched-linux-x86_64 0.1.0 9.13 85.00 94.13 OK
r-patched-solaris-x86 0.1.0 181.80 NOTE
r-release-linux-x86_64 0.1.0 10.19 84.36 94.55 OK
r-release-macos-x86_64 0.1.0 NOTE
r-release-windows-ix86+x86_64 0.1.0 18.00 84.00 102.00 OK
r-oldrel-macos-x86_64 0.1.0 NOTE
r-oldrel-windows-ix86+x86_64 0.1.0 21.00 78.00 99.00 OK

Check Details

Version: 0.1.0
Check: dependencies in R code
Result: NOTE
    Namespace in Imports field not imported from: ‘nlme’
     All declared Imports should be used.
Flavors: r-devel-linux-x86_64-fedora-clang, r-devel-linux-x86_64-fedora-gcc, r-patched-solaris-x86, r-release-macos-x86_64, r-oldrel-macos-x86_64