Last updated on 2023-02-01 21:55:10 CET.
Flavor | Version | Tinstall | Tcheck | Ttotal | Status | Flags |
---|---|---|---|---|---|---|
r-devel-linux-x86_64-debian-clang | 0.1.0 | 2.43 | 30.02 | 32.45 | OK | |
r-devel-linux-x86_64-debian-gcc | 0.1.0 | 1.93 | 23.69 | 25.62 | OK | |
r-devel-linux-x86_64-fedora-clang | 0.1.0 | 41.76 | NOTE | |||
r-devel-linux-x86_64-fedora-gcc | 0.1.0 | 51.52 | NOTE | |||
r-patched-linux-x86_64 | 0.1.0 | 2.41 | 30.02 | 32.43 | OK | |
r-release-linux-x86_64 | 0.1.0 | 2.17 | 30.96 | 33.13 | OK | |
r-release-macos-arm64 | 0.1.0 | 19.00 | NOTE | |||
r-release-macos-x86_64 | 0.1.0 | 25.00 | NOTE | |||
r-release-windows-x86_64 | 0.1.0 | 11.00 | 68.00 | 79.00 | OK | |
r-oldrel-macos-arm64 | 0.1.0 | 20.00 | NOTE | |||
r-oldrel-macos-x86_64 | 0.1.0 | 23.00 | NOTE | |||
r-oldrel-windows-ix86+x86_64 | 0.1.0 | 8.00 | 55.00 | 63.00 | OK |
Version: 0.1.0
Check: dependencies in R code
Result: NOTE
Namespace in Imports field not imported from: ‘flextable’
All declared Imports should be used.
Flavors: r-devel-linux-x86_64-fedora-clang, r-devel-linux-x86_64-fedora-gcc, r-release-macos-arm64, r-release-macos-x86_64, r-oldrel-macos-arm64, r-oldrel-macos-x86_64