CRAN Package Check Results for Package walrus

Last updated on 2020-10-21 13:50:09 CEST.

Flavor Version Tinstall Tcheck Ttotal Status Flags
r-devel-linux-x86_64-debian-clang 1.0.3 16.23 29.45 45.68 OK
r-devel-linux-x86_64-debian-gcc 1.0.3 13.43 23.72 37.15 OK
r-devel-linux-x86_64-fedora-clang 1.0.3 67.40 NOTE
r-devel-linux-x86_64-fedora-gcc 1.0.3 58.81 NOTE
r-devel-windows-ix86+x86_64 1.0.3 25.00 47.00 72.00 OK
r-patched-linux-x86_64 1.0.3 15.70 28.52 44.22 OK
r-patched-solaris-x86 1.0.3 77.40 NOTE
r-release-linux-x86_64 1.0.3 13.83 28.45 42.28 OK
r-release-macos-x86_64 1.0.3 NOTE
r-release-windows-ix86+x86_64 1.0.3 30.00 35.00 65.00 OK
r-oldrel-macos-x86_64 1.0.3 NOTE
r-oldrel-windows-ix86+x86_64 1.0.3 23.00 35.00 58.00 OK

Check Details

Version: 1.0.3
Check: dependencies in R code
Result: NOTE
    Namespaces in Imports field not imported from:
     ‘R6’ ‘WRS2’ ‘ggplot2’
     All declared Imports should be used.
Flavors: r-devel-linux-x86_64-fedora-clang, r-devel-linux-x86_64-fedora-gcc, r-patched-solaris-x86, r-release-macos-x86_64, r-oldrel-macos-x86_64