CRAN Package Check Results for Package waiter

Last updated on 2024-05-28 06:58:48 CEST.

Flavor Version Tinstall Tcheck Ttotal Status Flags
r-devel-linux-x86_64-debian-clang 0.2.5 8.44 52.17 60.61 OK
r-devel-linux-x86_64-debian-gcc 0.2.5 6.39 39.76 46.15 OK
r-devel-linux-x86_64-fedora-clang 0.2.5 78.55 NOTE
r-devel-linux-x86_64-fedora-gcc 0.2.5 86.35 NOTE
r-devel-windows-x86_64 0.2.5 9.00 63.00 72.00 OK
r-patched-linux-x86_64 0.2.5 10.26 49.79 60.05 OK
r-release-linux-x86_64 0.2.5 7.63 50.18 57.81 OK
r-release-macos-arm64 0.2.5 30.00 OK
r-release-windows-x86_64 0.2.5 9.00 64.00 73.00 OK
r-oldrel-macos-arm64 0.2.5 33.00 OK
r-oldrel-macos-x86_64 0.2.5 49.00 OK
r-oldrel-windows-x86_64 0.2.5 13.00 73.00 86.00 OK

Check Details

Version: 0.2.5
Check: dependencies in R code
Result: NOTE Namespace in Imports field not imported from: ‘R6’ All declared Imports should be used. Flavors: r-devel-linux-x86_64-fedora-clang, r-devel-linux-x86_64-fedora-gcc