CRAN Package Check Results for Package waffle

Last updated on 2022-09-27 19:12:14 CEST.

Flavor Version Tinstall Tcheck Ttotal Status Flags
r-devel-linux-x86_64-debian-clang 0.7.0 5.50 55.09 60.59 NOTE
r-devel-linux-x86_64-debian-gcc 0.7.0 3.31 41.03 44.34 NOTE
r-devel-linux-x86_64-fedora-clang 0.7.0 86.14 NOTE
r-devel-linux-x86_64-fedora-gcc 0.7.0 80.90 NOTE
r-devel-windows-x86_64 0.7.0 13.00 78.00 91.00 NOTE
r-patched-linux-x86_64 0.7.0 5.09 51.98 57.07 OK
r-release-linux-x86_64 0.7.0 4.39 51.24 55.63 OK
r-release-macos-arm64 0.7.0 25.00 OK
r-release-macos-x86_64 0.7.0 44.00 OK
r-release-windows-x86_64 0.7.0 12.00 80.00 92.00 OK
r-oldrel-macos-arm64 0.7.0 30.00 OK
r-oldrel-macos-x86_64 0.7.0 38.00 OK
r-oldrel-windows-ix86+x86_64 0.7.0 15.00 78.00 93.00 OK

Check Details

Version: 0.7.0
Check: package subdirectories
Result: NOTE
    Problems with news in 'NEWS.md':
    No news entries found.
Flavors: r-devel-linux-x86_64-debian-clang, r-devel-linux-x86_64-debian-gcc, r-devel-linux-x86_64-fedora-clang, r-devel-linux-x86_64-fedora-gcc, r-devel-windows-x86_64