CRAN Package Check Results for Package wISAM

Last updated on 2020-10-28 01:49:49 CET.

Flavor Version Tinstall Tcheck Ttotal Status Flags
r-devel-linux-x86_64-debian-clang 0.2.8 3.01 39.29 42.30 OK
r-devel-linux-x86_64-debian-gcc 0.2.8 2.21 31.16 33.37 OK
r-devel-linux-x86_64-fedora-clang 0.2.8 63.93 NOTE
r-devel-linux-x86_64-fedora-gcc 0.2.8 51.61 NOTE
r-devel-windows-ix86+x86_64 0.2.8 9.00 54.00 63.00 OK
r-patched-linux-x86_64 0.2.8 OK
r-patched-solaris-x86 0.2.8 95.80 NOTE
r-release-linux-x86_64 0.2.8 2.82 38.47 41.29 OK
r-release-macos-x86_64 0.2.8 NOTE
r-release-windows-ix86+x86_64 0.2.8 7.00 47.00 54.00 OK
r-oldrel-macos-x86_64 0.2.8 NOTE
r-oldrel-windows-ix86+x86_64 0.2.8 32.00 61.00 93.00 OK

Check Details

Version: 0.2.8
Check: dependencies in R code
Result: NOTE
    Namespace in Imports field not imported from: ‘MASS’
     All declared Imports should be used.
Flavors: r-devel-linux-x86_64-fedora-clang, r-devel-linux-x86_64-fedora-gcc, r-patched-solaris-x86, r-release-macos-x86_64, r-oldrel-macos-x86_64