CRAN Package Check Results for Package wBoot

Last updated on 2020-10-28 01:49:49 CET.

Flavor Version Tinstall Tcheck Ttotal Status Flags
r-devel-linux-x86_64-debian-clang 1.0.3 3.72 80.71 84.43 NOTE
r-devel-linux-x86_64-debian-gcc 1.0.3 3.79 57.18 60.97 NOTE
r-devel-linux-x86_64-fedora-clang 1.0.3 106.33 NOTE
r-devel-linux-x86_64-fedora-gcc 1.0.3 94.43 NOTE
r-devel-windows-ix86+x86_64 1.0.3 8.00 81.00 89.00 NOTE
r-patched-linux-x86_64 1.0.3 NOTE
r-patched-solaris-x86 1.0.3 123.20 NOTE
r-release-linux-x86_64 1.0.3 4.02 75.55 79.57 NOTE
r-release-macos-x86_64 1.0.3 NOTE
r-release-windows-ix86+x86_64 1.0.3 6.00 77.00 83.00 NOTE
r-oldrel-macos-x86_64 1.0.3 NOTE
r-oldrel-windows-ix86+x86_64 1.0.3 20.00 99.00 119.00 NOTE

Check Details

Version: 1.0.3
Check: R code for possible problems
Result: NOTE
    boot.cond.mean.bca: no visible global function definition for 'predict'
    boot.cond.mean.bca: no visible global function definition for 'lm'
    boot.cond.mean.bca : boot.fun: no visible global function definition
     for 'predict'
    boot.cond.mean.bca : boot.fun: no visible global function definition
     for 'lm'
    boot.cond.mean.bca: no visible global function definition for 'qnorm'
    boot.cond.mean.bca: no visible global function definition for 'cor'
    boot.cond.mean.bca: no visible global function definition for 'pnorm'
    boot.cond.mean.bca: no visible global function definition for
     'quantile'
    boot.cond.mean.bca: no visible global function definition for 'sd'
    boot.cond.mean.per: no visible global function definition for 'predict'
    boot.cond.mean.per: no visible global function definition for 'lm'
    boot.cond.mean.per : boot.fun: no visible global function definition
     for 'predict'
    boot.cond.mean.per : boot.fun: no visible global function definition
     for 'lm'
    boot.cond.mean.per: no visible global function definition for
     'quantile'
    boot.cond.mean.per: no visible global function definition for 'sd'
    boot.cor.bca: no visible global function definition for 'cor'
    boot.cor.bca : <anonymous>: no visible global function definition for
     'cor'
    boot.cor.bca: no visible global function definition for 'qnorm'
    boot.cor.bca: no visible global function definition for 'pnorm'
    boot.cor.bca: no visible global function definition for 'quantile'
    boot.cor.bca: no visible global function definition for 'sd'
    boot.cor.per: no visible global function definition for 'cor'
    boot.cor.per : <anonymous>: no visible global function definition for
     'cor'
    boot.cor.per: no visible global function definition for 'quantile'
    boot.cor.per: no visible global function definition for 'sd'
    boot.one.bca: no visible global function definition for 'qnorm'
    boot.one.bca: no visible global function definition for 'pnorm'
    boot.one.bca: no visible global function definition for 'quantile'
    boot.one.bca: no visible global function definition for 'sd'
    boot.one.per: no visible global function definition for 'quantile'
    boot.one.per: no visible global function definition for 'sd'
    boot.paired.bca: no visible global function definition for 'qnorm'
    boot.paired.bca: no visible global function definition for 'pnorm'
    boot.paired.bca: no visible global function definition for 'quantile'
    boot.paired.bca: no visible global function definition for 'sd'
    boot.paired.per: no visible global function definition for 'quantile'
    boot.paired.per: no visible global function definition for 'sd'
    boot.ratio.sd.bca: no visible global function definition for 'sd'
    boot.ratio.sd.bca : sd.fun: no visible global function definition for
     'sd'
    boot.ratio.sd.bca: no visible global function definition for 'qnorm'
    boot.ratio.sd.bca: no visible global function definition for 'pnorm'
    boot.ratio.sd.bca: no visible global function definition for 'quantile'
    boot.ratio.sd.per: no visible global function definition for 'sd'
    boot.ratio.sd.per : sd.fun: no visible global function definition for
     'sd'
    boot.ratio.sd.per: no visible global function definition for 'quantile'
    boot.slope.bca: no visible global function definition for 'cor'
    boot.slope.bca: no visible global function definition for 'lm'
    boot.slope.bca : <anonymous>: no visible global function definition for
     'lm'
    boot.slope.bca: no visible global function definition for 'qnorm'
    boot.slope.bca: no visible global function definition for 'pnorm'
    boot.slope.bca: no visible global function definition for 'quantile'
    boot.slope.bca: no visible global function definition for 'sd'
    boot.slope.per: no visible global function definition for 'lm'
    boot.slope.per : <anonymous>: no visible global function definition for
     'lm'
    boot.slope.per: no visible global function definition for 'quantile'
    boot.slope.per: no visible global function definition for 'sd'
    boot.two.bca: no visible global function definition for 'qnorm'
    boot.two.bca: no visible global function definition for 'pnorm'
    boot.two.bca: no visible global function definition for 'quantile'
    boot.two.bca: no visible global function definition for 'sd'
    boot.two.per: no visible global function definition for 'quantile'
    boot.two.per: no visible global function definition for 'sd'
    print.boot.one: no visible global function definition for 'hist'
    print.boot.one: no visible global function definition for 'abline'
    print.boot.one: no visible global function definition for 'legend'
    print.boot.paired: no visible global function definition for 'hist'
    print.boot.paired: no visible global function definition for 'abline'
    print.boot.paired: no visible global function definition for 'legend'
    print.boot.regcor: no visible global function definition for 'hist'
    print.boot.regcor: no visible global function definition for 'abline'
    print.boot.regcor: no visible global function definition for 'legend'
    print.boot.two: no visible global function definition for 'hist'
    print.boot.two: no visible global function definition for 'abline'
    print.boot.two: no visible global function definition for 'legend'
    Undefined global functions or variables:
     abline cor hist legend lm pnorm predict qnorm quantile sd
    Consider adding
     importFrom("graphics", "abline", "hist", "legend")
     importFrom("stats", "cor", "lm", "pnorm", "predict", "qnorm",
     "quantile", "sd")
    to your NAMESPACE file.
Flavors: r-devel-linux-x86_64-debian-clang, r-devel-linux-x86_64-debian-gcc, r-devel-linux-x86_64-fedora-clang, r-devel-linux-x86_64-fedora-gcc, r-devel-windows-ix86+x86_64, r-patched-linux-x86_64, r-patched-solaris-x86, r-release-linux-x86_64, r-release-macos-x86_64, r-release-windows-ix86+x86_64, r-oldrel-macos-x86_64, r-oldrel-windows-ix86+x86_64