CRAN Package Check Results for Package vstsr

Last updated on 2022-10-03 21:53:53 CEST.

Flavor Version Tinstall Tcheck Ttotal Status Flags
r-devel-linux-x86_64-debian-clang 1.1.0 3.51 26.08 29.59 OK
r-devel-linux-x86_64-debian-gcc 1.1.0 2.20 20.16 22.36 OK
r-devel-linux-x86_64-fedora-clang 1.1.0 48.12 NOTE
r-devel-linux-x86_64-fedora-gcc 1.1.0 48.21 NOTE
r-devel-windows-x86_64 1.1.0 8.00 55.00 63.00 OK
r-patched-linux-x86_64 1.1.0 3.33 24.51 27.84 OK
r-release-linux-x86_64 1.1.0 2.74 24.40 27.14 OK
r-release-macos-arm64 1.1.0 15.00 NOTE
r-release-macos-x86_64 1.1.0 22.00 NOTE
r-release-windows-x86_64 1.1.0 14.00 54.00 68.00 OK
r-oldrel-macos-arm64 1.1.0 20.00 NOTE
r-oldrel-macos-x86_64 1.1.0 24.00 NOTE
r-oldrel-windows-ix86+x86_64 1.1.0 6.00 49.00 55.00 OK

Check Details

Version: 1.1.0
Check: dependencies in R code
Result: NOTE
    Namespace in Imports field not imported from: ‘R6’
     All declared Imports should be used.
Flavors: r-devel-linux-x86_64-fedora-clang, r-devel-linux-x86_64-fedora-gcc, r-release-macos-arm64, r-release-macos-x86_64, r-oldrel-macos-arm64, r-oldrel-macos-x86_64