CRAN Package Check Results for Package vprr

Last updated on 2022-08-11 12:55:46 CEST.

Flavor Version Tinstall Tcheck Ttotal Status Flags
r-devel-linux-x86_64-debian-clang 0.2.3 16.80 114.13 130.93 OK
r-devel-linux-x86_64-debian-gcc 0.2.3 12.66 85.06 97.72 OK
r-devel-linux-x86_64-fedora-clang 0.2.3 165.45 NOTE
r-devel-linux-x86_64-fedora-gcc 0.2.3 161.11 NOTE
r-devel-windows-x86_64 0.2.3 87.00 142.00 229.00 NOTE
r-patched-linux-x86_64 0.2.3 18.58 105.78 124.36 OK
r-release-linux-x86_64 0.2.3 OK
r-release-macos-arm64 0.2.3 48.00 NOTE
r-release-macos-x86_64 0.2.3 68.00 NOTE
r-release-windows-x86_64 0.2.3 271.00 140.00 411.00 NOTE
r-oldrel-macos-arm64 0.2.3 47.00 NOTE
r-oldrel-macos-x86_64 0.2.3 65.00 NOTE
r-oldrel-windows-ix86+x86_64 0.2.3 51.00 129.00 180.00 NOTE

Check Details

Version: 0.2.3
Check: installed package size
Result: NOTE
     installed size is 9.9Mb
     sub-directories of 1Mb or more:
     extdata 8.6Mb
Flavors: r-devel-linux-x86_64-fedora-clang, r-devel-windows-x86_64, r-release-macos-arm64, r-release-macos-x86_64, r-release-windows-x86_64, r-oldrel-macos-arm64, r-oldrel-macos-x86_64, r-oldrel-windows-ix86+x86_64

Version: 0.2.3
Check: dependencies in R code
Result: NOTE
    Namespace in Imports field not imported from: ‘usethis’
     All declared Imports should be used.
Flavors: r-devel-linux-x86_64-fedora-clang, r-devel-linux-x86_64-fedora-gcc, r-release-macos-arm64, r-release-macos-x86_64, r-oldrel-macos-arm64, r-oldrel-macos-x86_64