CRAN Package Check Results for Package votesys

Last updated on 2022-08-12 12:56:23 CEST.

Flavor Version Tinstall Tcheck Ttotal Status Flags
r-devel-linux-x86_64-debian-clang 0.1.1 7.94 79.72 87.66 NOTE
r-devel-linux-x86_64-debian-gcc 0.1.1 6.98 59.66 66.64 NOTE
r-devel-linux-x86_64-fedora-clang 0.1.1 115.89 NOTE
r-devel-linux-x86_64-fedora-gcc 0.1.1 113.71 NOTE
r-devel-windows-x86_64 0.1.1 22.00 98.00 120.00 NOTE
r-patched-linux-x86_64 0.1.1 9.13 74.52 83.65 NOTE
r-release-linux-x86_64 0.1.1 10.84 74.72 85.56 NOTE
r-release-macos-arm64 0.1.1 32.00 NOTE
r-release-macos-x86_64 0.1.1 44.00 NOTE
r-release-windows-x86_64 0.1.1 23.00 98.00 121.00 NOTE
r-oldrel-macos-arm64 0.1.1 36.00 NOTE
r-oldrel-macos-x86_64 0.1.1 61.00 NOTE
r-oldrel-windows-ix86+x86_64 0.1.1 20.00 96.00 116.00 NOTE

Check Details

Version: 0.1.1
Check: LazyData
Result: NOTE
     'LazyData' is specified without a 'data' directory
Flavors: r-devel-linux-x86_64-debian-clang, r-devel-linux-x86_64-debian-gcc, r-devel-linux-x86_64-fedora-clang, r-devel-linux-x86_64-fedora-gcc, r-devel-windows-x86_64, r-patched-linux-x86_64, r-release-linux-x86_64, r-release-macos-arm64, r-release-macos-x86_64, r-release-windows-x86_64, r-oldrel-macos-arm64, r-oldrel-macos-x86_64, r-oldrel-windows-ix86+x86_64