CRAN Package Check Results for Package volesti

Last updated on 2022-10-01 07:08:13 CEST.

Flavor Version Tinstall Tcheck Ttotal Status Flags
r-devel-linux-x86_64-debian-clang 1.1.2-2 608.72 67.91 676.63 WARN
r-devel-linux-x86_64-debian-gcc 1.1.2-2 483.89 69.26 553.15 OK
r-devel-linux-x86_64-fedora-clang 1.1.2-2 822.05 WARN
r-devel-linux-x86_64-fedora-gcc 1.1.2-2 961.42 OK
r-devel-windows-x86_64 1.1.2-2 461.00 158.00 619.00 OK
r-patched-linux-x86_64 1.1.2-2 521.28 89.09 610.37 OK
r-release-linux-x86_64 1.1.2-2 524.42 86.47 610.89 OK
r-release-macos-arm64 1.1.2-2 224.00 NOTE
r-release-macos-x86_64 1.1.2-2 297.00 NOTE
r-release-windows-x86_64 1.1.2-2 433.00 149.00 582.00 OK
r-oldrel-macos-arm64 1.1.2-2 253.00 NOTE
r-oldrel-macos-x86_64 1.1.2-2 277.00 NOTE
r-oldrel-windows-ix86+x86_64 1.1.2-2 1300.00 222.00 1522.00 NOTE

Additional issues

clang15 clang15

Check Details

Version: 1.1.2-2
Check: whether package can be installed
Result: WARN
    Found the following significant warnings:
     ../../headers/include/lp_rlp.h:1660:16: warning: 'static' function 'input' declared in header file should be declared 'static inline' [-Wunneeded-internal-declaration]
Flavors: r-devel-linux-x86_64-debian-clang, r-devel-linux-x86_64-fedora-clang

Version: 1.1.2-2
Check: installed package size
Result: NOTE
     installed size is 60.9Mb
     sub-directories of 1Mb or more:
     libs 60.6Mb
Flavors: r-release-macos-arm64, r-release-macos-x86_64, r-oldrel-macos-arm64, r-oldrel-macos-x86_64, r-oldrel-windows-ix86+x86_64