CRAN Package Check Results for Package vmsbase

Last updated on 2020-07-08 07:52:46 CEST.

Flavor Version Tinstall Tcheck Ttotal Status Flags
r-devel-linux-x86_64-debian-clang 2.2.1 46.12 210.42 256.54 OK
r-devel-linux-x86_64-debian-gcc 2.2.1 40.39 186.57 226.96 OK
r-devel-linux-x86_64-fedora-clang 2.2.1 361.28 NOTE
r-devel-linux-x86_64-fedora-gcc 2.2.1 745.27 OK
r-devel-windows-ix86+x86_64 2.2.1 60.00 224.00 284.00 OK
r-patched-linux-x86_64 2.2.1 43.78 206.88 250.66 OK
r-patched-solaris-x86 2.2.1 409.60 OK
r-release-linux-x86_64 2.2.1 48.32 204.92 253.24 OK
r-release-osx-x86_64 2.2.1 OK
r-release-windows-ix86+x86_64 2.2.1 62.00 209.00 271.00 OK
r-oldrel-osx-x86_64 2.2.1 ERROR
r-oldrel-windows-ix86+x86_64 2.2.1 93.00 254.00 347.00 OK

Check Details

Version: 2.2.1
Check: package dependencies
Result: NOTE
    Imports includes 23 non-default packages.
    Importing from so many packages makes the package vulnerable to any of
    them becoming unavailable. Move as many as possible to Suggests and
    use conditionally.
Flavor: r-devel-linux-x86_64-fedora-clang

Version: 2.2.1
Check: package dependencies
Result: ERROR
    Package required but not available: ‘gWidgets2RGtk2’
    
    See section ‘The DESCRIPTION file’ in the ‘Writing R Extensions’
    manual.
Flavor: r-oldrel-osx-x86_64