CRAN Package Check Results for Package vivo

Last updated on 2022-10-06 12:55:42 CEST.

Flavor Version Tinstall Tcheck Ttotal Status Flags
r-devel-linux-x86_64-debian-clang 0.2.1 5.93 95.02 100.95 NOTE
r-devel-linux-x86_64-debian-gcc 0.2.1 4.41 71.36 75.77 NOTE
r-devel-linux-x86_64-fedora-clang 0.2.1 134.02 NOTE
r-devel-linux-x86_64-fedora-gcc 0.2.1 131.88 NOTE
r-devel-windows-x86_64 0.2.1 11.00 136.00 147.00 NOTE
r-patched-linux-x86_64 0.2.1 5.04 91.02 96.06 NOTE
r-release-linux-x86_64 0.2.1 4.04 89.13 93.17 NOTE
r-release-macos-arm64 0.2.1 61.00 NOTE
r-release-macos-x86_64 0.2.1 72.00 NOTE
r-release-windows-x86_64 0.2.1 13.00 132.00 145.00 NOTE
r-oldrel-macos-arm64 0.2.1 66.00 NOTE
r-oldrel-macos-x86_64 0.2.1 75.00 NOTE
r-oldrel-windows-ix86+x86_64 0.2.1 16.00 126.00 142.00 NOTE

Check Details

Version: 0.2.1
Check: LazyData
Result: NOTE
     'LazyData' is specified without a 'data' directory
Flavors: r-devel-linux-x86_64-debian-clang, r-devel-linux-x86_64-debian-gcc, r-devel-linux-x86_64-fedora-clang, r-devel-linux-x86_64-fedora-gcc, r-devel-windows-x86_64, r-patched-linux-x86_64, r-release-linux-x86_64, r-release-macos-arm64, r-release-macos-x86_64, r-release-windows-x86_64, r-oldrel-macos-arm64, r-oldrel-macos-x86_64, r-oldrel-windows-ix86+x86_64