CRAN Package Check Results for Package vivo

Last updated on 2024-06-20 00:59:51 CEST.

Flavor Version Tinstall Tcheck Ttotal Status Flags
r-devel-linux-x86_64-debian-clang 0.2.1 6.24 92.89 99.13 NOTE
r-devel-linux-x86_64-debian-gcc 0.2.1 4.10 71.69 75.79 NOTE
r-devel-linux-x86_64-fedora-clang 0.2.1 126.48 NOTE
r-devel-linux-x86_64-fedora-gcc 0.2.1 134.03 NOTE
r-devel-windows-x86_64 0.2.1 6.00 92.00 98.00 NOTE
r-patched-linux-x86_64 0.2.1 5.63 89.43 95.06 NOTE
r-release-linux-x86_64 0.2.1 3.82 89.31 93.13 NOTE
r-release-macos-arm64 0.2.1 57.00 NOTE
r-release-macos-x86_64 0.2.1 75.00 NOTE
r-release-windows-x86_64 0.2.1 8.00 92.00 100.00 NOTE
r-oldrel-macos-arm64 0.2.1 63.00 NOTE
r-oldrel-macos-x86_64 0.2.1 81.00 NOTE
r-oldrel-windows-x86_64 0.2.1 8.00 102.00 110.00 NOTE

Check Details

Version: 0.2.1
Check: LazyData
Result: NOTE 'LazyData' is specified without a 'data' directory Flavors: r-devel-linux-x86_64-debian-clang, r-devel-linux-x86_64-debian-gcc, r-devel-linux-x86_64-fedora-clang, r-devel-linux-x86_64-fedora-gcc, r-devel-windows-x86_64, r-patched-linux-x86_64, r-release-linux-x86_64, r-release-macos-arm64, r-release-macos-x86_64, r-release-windows-x86_64, r-oldrel-macos-arm64, r-oldrel-macos-x86_64, r-oldrel-windows-x86_64