Last updated on 2021-04-09 19:49:46 CEST.
Flavor | Version | Tinstall | Tcheck | Ttotal | Status | Flags |
---|---|---|---|---|---|---|
r-devel-linux-x86_64-debian-clang | 0.4.2 | 5.86 | 55.21 | 61.07 | NOTE | |
r-devel-linux-x86_64-debian-gcc | 0.4.2 | 4.38 | 41.56 | 45.94 | NOTE | |
r-devel-linux-x86_64-fedora-clang | 0.4.2 | 77.68 | NOTE | |||
r-devel-linux-x86_64-fedora-gcc | 0.4.2 | 66.67 | NOTE | |||
r-devel-windows-ix86+x86_64 | 0.4.2 | 10.00 | 52.00 | 62.00 | NOTE | |
r-devel-windows-x86_64-gcc10-UCRT | 0.4.2 | NOTE | ||||
r-patched-linux-x86_64 | 0.4.2 | 5.88 | 50.90 | 56.78 | OK | |
r-patched-solaris-x86 | 0.4.2 | 102.00 | OK | |||
r-release-linux-x86_64 | 0.4.2 | OK | ||||
r-release-macos-x86_64 | 0.4.2 | OK | ||||
r-release-windows-ix86+x86_64 | 0.4.2 | 16.00 | 75.00 | 91.00 | OK | |
r-oldrel-macos-x86_64 | 0.4.2 | OK | ||||
r-oldrel-windows-ix86+x86_64 | 0.4.2 | 11.00 | 53.00 | 64.00 | OK |
Version: 0.4.2
Check: LazyData
Result: NOTE
'LazyData' is specified without a 'data' directory
Flavors: r-devel-linux-x86_64-debian-clang, r-devel-linux-x86_64-debian-gcc, r-devel-linux-x86_64-fedora-clang, r-devel-linux-x86_64-fedora-gcc, r-devel-windows-ix86+x86_64, r-devel-windows-x86_64-gcc10-UCRT