CRAN Package Check Results for Package visvow

Last updated on 2020-07-08 07:52:46 CEST.

Flavor Version Tinstall Tcheck Ttotal Status Flags
r-devel-linux-x86_64-debian-clang 0.9.0 15.73 114.34 130.07 OK
r-devel-linux-x86_64-debian-gcc 0.9.0 14.37 85.03 99.40 OK
r-devel-linux-x86_64-fedora-clang 0.9.0 167.20 NOTE
r-devel-linux-x86_64-fedora-gcc 0.9.0 158.09 OK
r-devel-windows-ix86+x86_64 0.9.0 30.00 130.00 160.00 OK
r-patched-linux-x86_64 0.9.0 16.05 112.00 128.05 OK
r-patched-solaris-x86 0.9.0 195.30 OK
r-release-linux-x86_64 0.9.0 16.46 112.59 129.05 OK
r-release-osx-x86_64 0.9.0 OK
r-release-windows-ix86+x86_64 0.9.0 28.00 119.00 147.00 WARN
r-oldrel-osx-x86_64 0.9.0 OK
r-oldrel-windows-ix86+x86_64 0.9.0 48.00 159.00 207.00 OK

Check Details

Version: 0.9.0
Check: package dependencies
Result: NOTE
    Imports includes 21 non-default packages.
    Importing from so many packages makes the package vulnerable to any of
    them becoming unavailable. Move as many as possible to Suggests and
    use conditionally.
Flavor: r-devel-linux-x86_64-fedora-clang

Version: 0.9.0
Check: R files for syntax errors
Result: WARN
    Warning in file 'R/visvow.R':
     unable to translate 'bark: Traunm<U+00FC>ller (1990)' to native encoding
Flavor: r-release-windows-ix86+x86_64