CRAN Package Check Results for Package visvow

Last updated on 2020-09-22 14:05:15 CEST.

Flavor Version Tinstall Tcheck Ttotal Status Flags
r-devel-linux-x86_64-debian-clang 1.1.0 23.20 131.66 154.86 OK
r-devel-linux-x86_64-debian-gcc 1.1.0 17.61 103.70 121.31 OK
r-devel-linux-x86_64-fedora-clang 1.1.0 235.26 WARN
r-devel-linux-x86_64-fedora-gcc 1.1.0 202.94 OK
r-devel-windows-ix86+x86_64 1.1.0 35.00 115.00 150.00 OK
r-patched-linux-x86_64 1.1.0 21.24 129.35 150.59 OK
r-patched-solaris-x86 1.1.0 240.60 OK
r-release-linux-x86_64 1.1.0 21.28 130.58 151.86 OK
r-release-macos-x86_64 1.1.0 OK
r-release-windows-ix86+x86_64 1.1.0 37.00 143.00 180.00 OK
r-oldrel-macos-x86_64 1.1.0 OK
r-oldrel-windows-ix86+x86_64 1.1.0 22.00 102.00 124.00 OK

Check Details

Version: 1.1.0
Check: package dependencies
Result: WARN
    Imports includes 21 non-default packages.
    Importing from so many packages makes the package vulnerable to any of
    them becoming unavailable. Move as many as possible to Suggests and
    use conditionally.
    
    Requires (indirectly) orphaned package: ‘bibtex’
Flavor: r-devel-linux-x86_64-fedora-clang