CRAN Package Check Results for Package visStatistics

Last updated on 2024-04-15 00:55:11 CEST.

Flavor Version Tinstall Tcheck Ttotal Status Flags
r-devel-linux-x86_64-debian-clang 0.1.1 4.68 39.65 44.33 NOTE
r-devel-linux-x86_64-debian-gcc 0.1.1 3.55 29.90 33.45 NOTE
r-devel-linux-x86_64-fedora-clang 0.1.1 54.31 NOTE
r-devel-linux-x86_64-fedora-gcc 0.1.1 51.92 NOTE
r-devel-windows-x86_64 0.1.1 4.00 49.00 53.00 NOTE
r-patched-linux-x86_64 0.1.1 4.47 38.03 42.50 NOTE
r-release-linux-x86_64 0.1.1 4.40 38.43 42.83 NOTE
r-release-macos-arm64 0.1.1 20.00 NOTE
r-release-macos-x86_64 0.1.1 31.00 NOTE
r-release-windows-x86_64 0.1.1 8.00 54.00 62.00 NOTE
r-oldrel-macos-arm64 0.1.1 22.00 NOTE
r-oldrel-windows-x86_64 0.1.1 6.00 55.00 61.00 NOTE

Check Details

Version: 0.1.1
Check: LazyData
Result: NOTE 'LazyData' is specified without a 'data' directory Flavors: r-devel-linux-x86_64-debian-clang, r-devel-linux-x86_64-debian-gcc, r-devel-linux-x86_64-fedora-clang, r-devel-linux-x86_64-fedora-gcc, r-devel-windows-x86_64, r-patched-linux-x86_64, r-release-linux-x86_64, r-release-macos-arm64, r-release-macos-x86_64, r-release-windows-x86_64, r-oldrel-macos-arm64, r-oldrel-windows-x86_64