Last updated on 2022-08-14 06:52:00 CEST.
Flavor | Version | Tinstall | Tcheck | Ttotal | Status | Flags |
---|---|---|---|---|---|---|
r-devel-linux-x86_64-debian-clang | 2.1.0 | 12.01 | 79.04 | 91.05 | OK | |
r-devel-linux-x86_64-debian-gcc | 2.1.0 | 8.09 | 60.22 | 68.31 | OK | |
r-devel-linux-x86_64-fedora-clang | 2.1.0 | 121.30 | NOTE | |||
r-devel-linux-x86_64-fedora-gcc | 2.1.0 | 117.14 | OK | |||
r-devel-windows-x86_64 | 2.1.0 | 187.00 | 161.00 | 348.00 | NOTE | |
r-patched-linux-x86_64 | 2.1.0 | 11.86 | 72.70 | 84.56 | OK | |
r-release-linux-x86_64 | 2.1.0 | 10.25 | 73.79 | 84.04 | OK | |
r-release-macos-arm64 | 2.1.0 | 34.00 | NOTE | |||
r-release-macos-x86_64 | 2.1.0 | 47.00 | NOTE | |||
r-release-windows-x86_64 | 2.1.0 | 107.00 | 151.00 | 258.00 | NOTE | |
r-oldrel-macos-arm64 | 2.1.0 | 37.00 | NOTE | |||
r-oldrel-macos-x86_64 | 2.1.0 | 85.00 | NOTE | |||
r-oldrel-windows-ix86+x86_64 | 2.1.0 | 19.00 | 107.00 | 126.00 | NOTE |
Version: 2.1.0
Check: installed package size
Result: NOTE
installed size is 11.4Mb
sub-directories of 1Mb or more:
doc 2.5Mb
htmlwidgets 6.9Mb
Flavors: r-devel-linux-x86_64-fedora-clang, r-devel-windows-x86_64, r-release-macos-arm64, r-release-macos-x86_64, r-release-windows-x86_64, r-oldrel-macos-arm64, r-oldrel-macos-x86_64, r-oldrel-windows-ix86+x86_64