CRAN Package Check Results for Package viridisLite

Last updated on 2022-08-14 12:53:33 CEST.

Flavor Version Tinstall Tcheck Ttotal Status Flags
r-devel-linux-x86_64-debian-clang 0.4.0 1.37 28.82 30.19 NOTE
r-devel-linux-x86_64-debian-gcc 0.4.0 1.07 22.69 23.76 NOTE
r-devel-linux-x86_64-fedora-clang 0.4.0 46.94 OK
r-devel-linux-x86_64-fedora-gcc 0.4.0 47.71 NOTE
r-devel-windows-x86_64 0.4.0 23.00 52.00 75.00 OK
r-patched-linux-x86_64 0.4.0 1.40 27.58 28.98 OK
r-release-linux-x86_64 0.4.0 1.28 27.18 28.46 OK
r-release-macos-arm64 0.4.0 22.00 OK
r-release-macos-x86_64 0.4.0 23.00 OK
r-release-windows-x86_64 0.4.0 26.00 52.00 78.00 OK
r-oldrel-macos-arm64 0.4.0 20.00 OK
r-oldrel-macos-x86_64 0.4.0 33.00 OK
r-oldrel-windows-ix86+x86_64 0.4.0 12.00 44.00 56.00 OK

Check Details

Version: 0.4.0
Check: HTML version of manual
Result: NOTE
    Found the following HTML validation problems:
    viridis.html:116:1: Warning: inserting implicit <p>
    viridis.html:116:1: Warning: trimming empty <p>
Flavors: r-devel-linux-x86_64-debian-clang, r-devel-linux-x86_64-debian-gcc, r-devel-linux-x86_64-fedora-gcc