Last updated on 2022-08-13 00:51:15 CEST.
Flavor | Version | Tinstall | Tcheck | Ttotal | Status | Flags |
---|---|---|---|---|---|---|
r-devel-linux-x86_64-debian-clang | 0.1.0 | 6.10 | 304.20 | 310.30 | OK | |
r-devel-linux-x86_64-debian-gcc | 0.1.0 | 4.84 | 208.63 | 213.47 | OK | |
r-devel-linux-x86_64-fedora-clang | 0.1.0 | 355.05 | NOTE | |||
r-devel-linux-x86_64-fedora-gcc | 0.1.0 | 347.87 | NOTE | |||
r-devel-windows-x86_64 | 0.1.0 | 23.00 | 320.00 | 343.00 | OK | |
r-patched-linux-x86_64 | 0.1.0 | 5.70 | 275.97 | 281.67 | OK | |
r-release-linux-x86_64 | 0.1.0 | 6.51 | 273.76 | 280.27 | OK | |
r-release-macos-arm64 | 0.1.0 | 91.00 | NOTE | |||
r-release-macos-x86_64 | 0.1.0 | 156.00 | NOTE | |||
r-release-windows-x86_64 | 0.1.0 | 26.00 | 299.00 | 325.00 | OK | |
r-oldrel-macos-arm64 | 0.1.0 | 124.00 | NOTE | |||
r-oldrel-macos-x86_64 | 0.1.0 | 138.00 | NOTE | |||
r-oldrel-windows-ix86+x86_64 | 0.1.0 | 17.00 | 322.00 | 339.00 | OK |
Version: 0.1.0
Check: dependencies in R code
Result: NOTE
Namespaces in Imports field not imported from:
‘mclust’ ‘rlang’
All declared Imports should be used.
Flavors: r-devel-linux-x86_64-fedora-clang, r-devel-linux-x86_64-fedora-gcc, r-release-macos-arm64, r-release-macos-x86_64, r-oldrel-macos-arm64, r-oldrel-macos-x86_64