CRAN Package Check Results for Package vhcub

Last updated on 2022-08-09 12:53:40 CEST.

Flavor Version Tinstall Tcheck Ttotal Status Flags
r-devel-linux-x86_64-debian-clang 1.0.0 21.31 205.17 226.48 NOTE
r-devel-linux-x86_64-debian-gcc 1.0.0 17.23 153.21 170.44 NOTE
r-devel-linux-x86_64-fedora-clang 1.0.0 277.39 NOTE
r-devel-linux-x86_64-fedora-gcc 1.0.0 271.78 NOTE
r-devel-windows-x86_64 1.0.0 22.00 198.00 220.00 NOTE
r-patched-linux-x86_64 1.0.0 14.69 192.84 207.53 NOTE
r-release-linux-x86_64 1.0.0 NOTE
r-release-macos-arm64 1.0.0 54.00 NOTE
r-release-macos-x86_64 1.0.0 9.00 ERROR
r-release-windows-x86_64 1.0.0 24.00 219.00 243.00 NOTE
r-oldrel-macos-arm64 1.0.0 6.00 ERROR
r-oldrel-macos-x86_64 1.0.0 9.00 ERROR
r-oldrel-windows-ix86+x86_64 1.0.0 44.00 210.00 254.00 NOTE

Check Details

Version: 1.0.0
Check: LazyData
Result: NOTE
     'LazyData' is specified without a 'data' directory
Flavors: r-devel-linux-x86_64-debian-clang, r-devel-linux-x86_64-debian-gcc, r-devel-linux-x86_64-fedora-clang, r-devel-linux-x86_64-fedora-gcc, r-devel-windows-x86_64, r-patched-linux-x86_64, r-release-linux-x86_64, r-release-macos-arm64, r-release-windows-x86_64, r-oldrel-windows-ix86+x86_64

Version: 1.0.0
Check: package dependencies
Result: ERROR
    Package required but not available: ‘coRdon’
    
    See section ‘The DESCRIPTION file’ in the ‘Writing R Extensions’
    manual.
Flavors: r-release-macos-x86_64, r-oldrel-macos-arm64, r-oldrel-macos-x86_64