CRAN Package Check Results for Package vennLasso

Last updated on 2020-09-21 19:59:16 CEST.

Flavor Version Tinstall Tcheck Ttotal Status Flags
r-devel-linux-x86_64-debian-clang 0.1.6 89.15 191.19 280.34 OK
r-devel-linux-x86_64-debian-gcc 0.1.6 77.05 141.59 218.64 OK
r-devel-linux-x86_64-fedora-clang 0.1.6 417.57 NOTE
r-devel-linux-x86_64-fedora-gcc 0.1.6 360.48 OK
r-devel-windows-ix86+x86_64 0.1.6 177.00 259.00 436.00 OK
r-patched-linux-x86_64 0.1.6 85.43 182.80 268.23 OK
r-patched-solaris-x86 0.1.6 450.50 OK
r-release-linux-x86_64 0.1.6 81.32 183.05 264.37 OK
r-release-macos-x86_64 0.1.6 NOTE
r-release-windows-ix86+x86_64 0.1.6 170.00 308.00 478.00 OK
r-oldrel-macos-x86_64 0.1.6 NOTE
r-oldrel-windows-ix86+x86_64 0.1.6 117.00 302.00 419.00 OK

Check Details

Version: 0.1.6
Check: installed package size
Result: NOTE
     installed size is 25.4Mb
     sub-directories of 1Mb or more:
     libs 24.8Mb
Flavors: r-devel-linux-x86_64-fedora-clang, r-release-macos-x86_64, r-oldrel-macos-x86_64