CRAN Package Check Results for Package vein

Last updated on 2021-04-09 19:49:46 CEST.

Flavor Version Tinstall Tcheck Ttotal Status Flags
r-devel-linux-x86_64-debian-clang 0.9.1.2 29.13 127.44 156.57 OK
r-devel-linux-x86_64-debian-gcc 0.9.1.2 24.93 91.16 116.09 OK
r-devel-linux-x86_64-fedora-clang 0.9.1.2 192.79 NOTE
r-devel-linux-x86_64-fedora-gcc 0.9.1.2 182.75 OK
r-devel-windows-ix86+x86_64 0.9.1.2 47.00 123.00 170.00 NOTE
r-devel-windows-x86_64-gcc10-UCRT 0.9.1.2 OK
r-patched-linux-x86_64 0.9.1.2 28.92 110.93 139.85 OK
r-patched-solaris-x86 0.9.1.2 266.20 NOTE
r-release-linux-x86_64 0.9.1.2 OK
r-release-macos-x86_64 0.9.1.2 NOTE
r-release-windows-ix86+x86_64 0.9.1.2 42.00 171.00 213.00 NOTE
r-oldrel-macos-x86_64 0.9.1.2 NOTE
r-oldrel-windows-ix86+x86_64 0.9.1.2 61.00 123.00 184.00 NOTE

Check Details

Version: 0.9.1.2
Check: installed package size
Result: NOTE
     installed size is 5.9Mb
     sub-directories of 1Mb or more:
     R 3.6Mb
Flavors: r-devel-linux-x86_64-fedora-clang, r-devel-windows-ix86+x86_64, r-patched-solaris-x86, r-release-macos-x86_64, r-release-windows-ix86+x86_64, r-oldrel-macos-x86_64, r-oldrel-windows-ix86+x86_64