CRAN Package Check Results for Package vein

Last updated on 2022-10-01 21:54:09 CEST.

Flavor Version Tinstall Tcheck Ttotal Status Flags
r-devel-linux-x86_64-debian-clang 0.9.9 38.11 296.66 334.77 OK
r-devel-linux-x86_64-debian-gcc 0.9.9 27.39 218.80 246.19 OK
r-devel-linux-x86_64-fedora-clang 0.9.9 393.86 NOTE
r-devel-linux-x86_64-fedora-gcc 0.9.9 407.27 NOTE
r-devel-windows-x86_64 0.9.9 68.00 352.00 420.00 OK
r-patched-linux-x86_64 0.9.9 32.66 271.15 303.81 OK
r-release-linux-x86_64 0.9.9 23.29 272.34 295.63 OK
r-release-macos-arm64 0.9.9 87.00 NOTE
r-release-macos-x86_64 0.9.9 129.00 NOTE
r-release-windows-x86_64 0.9.9 77.00 337.00 414.00 OK
r-oldrel-macos-arm64 0.9.9 82.00 NOTE
r-oldrel-macos-x86_64 0.9.9 132.00 NOTE
r-oldrel-windows-ix86+x86_64 0.9.9 67.00 476.00 543.00 OK

Check Details

Version: 0.9.9
Check: data for non-ASCII characters
Result: NOTE
     Note: found 49 marked UTF-8 strings
Flavors: r-devel-linux-x86_64-fedora-clang, r-devel-linux-x86_64-fedora-gcc, r-release-macos-arm64, r-release-macos-x86_64, r-oldrel-macos-arm64, r-oldrel-macos-x86_64