CRAN Package Check Results for Package vegan3d

Last updated on 2020-09-22 14:05:15 CEST.

Flavor Version Tinstall Tcheck Ttotal Status Flags
r-devel-linux-x86_64-debian-clang 1.1-2 8.82 75.06 83.88 OK
r-devel-linux-x86_64-debian-gcc 1.1-2 7.85 62.51 70.36 OK
r-devel-linux-x86_64-fedora-clang 1.1-2 137.02 OK
r-devel-linux-x86_64-fedora-gcc 1.1-2 109.86 OK
r-devel-windows-ix86+x86_64 1.1-2 24.00 83.00 107.00 OK
r-patched-linux-x86_64 1.1-2 8.63 75.37 84.00 OK
r-patched-solaris-x86 1.1-2 162.50 OK
r-release-linux-x86_64 1.1-2 10.48 76.27 86.75 OK
r-release-macos-x86_64 1.1-2 OK
r-release-windows-ix86+x86_64 1.1-2 22.00 76.00 98.00 OK
r-oldrel-macos-x86_64 1.1-2 WARN
r-oldrel-windows-ix86+x86_64 1.1-2 15.00 101.00 116.00 OK

Check Details

Version: 1.1-2
Check: whether package can be installed
Result: WARN
    Found the following significant warnings:
     Warning: 'rgl_init' failed, running with rgl.useNULL = TRUE
Flavor: r-oldrel-macos-x86_64