CRAN Package Check Results for Package vegan

Last updated on 2020-08-13 13:52:29 CEST.

Flavor Version Tinstall Tcheck Ttotal Status Flags
r-devel-linux-x86_64-debian-clang 2.5-6 36.60 295.06 331.66 OK
r-devel-linux-x86_64-debian-gcc 2.5-6 34.55 221.85 256.40 OK
r-devel-linux-x86_64-fedora-clang 2.5-6 405.31 NOTE
r-devel-linux-x86_64-fedora-gcc 2.5-6 397.46 OK
r-devel-windows-ix86+x86_64 2.5-6 90.00 535.00 625.00 OK
r-patched-linux-x86_64 2.5-6 40.31 292.55 332.86 OK
r-patched-solaris-x86 2.5-6 522.10 OK
r-release-linux-x86_64 2.5-6 39.36 294.68 334.04 OK
r-release-macos-x86_64 2.5-6 OK
r-release-windows-ix86+x86_64 2.5-6 88.00 403.00 491.00 OK
r-oldrel-macos-x86_64 2.5-6 NOTE
r-oldrel-windows-ix86+x86_64 2.5-6 56.00 431.00 487.00 OK

Check Details

Version: 2.5-6
Check: Rd cross-references
Result: NOTE
    Undeclared packages ‘ade4’, ‘cclust’, ‘bipartite’, ‘labdsv’, ‘ellipse’, ‘vegan3d’, ‘coda’, ‘maptools’, ‘ape’, ‘picante’ in Rd xrefs
Flavor: r-devel-linux-x86_64-fedora-clang

Version: 2.5-6
Check: dependencies in R code
Result: NOTE
    No protocol specified
    No protocol specified
Flavor: r-oldrel-macos-x86_64