CRAN Package Check Results for Package vdiffr

Last updated on 2020-09-21 13:56:08 CEST.

Flavor Version Tinstall Tcheck Ttotal Status Flags
r-devel-linux-x86_64-debian-clang 0.3.2.2 41.46 35.73 77.19 OK
r-devel-linux-x86_64-debian-gcc 0.3.2.2 30.20 28.06 58.26 OK
r-devel-linux-x86_64-fedora-clang 0.3.2.2 132.34 NOTE
r-devel-linux-x86_64-fedora-gcc 0.3.2.2 98.13 NOTE
r-devel-windows-ix86+x86_64 0.3.2.1 94.00 74.00 168.00 OK
r-patched-linux-x86_64 0.3.2.2 31.62 52.34 83.96 OK
r-patched-solaris-x86 0.3.2.2 130.90 NOTE
r-release-linux-x86_64 0.3.2.2 30.42 52.81 83.23 OK
r-release-macos-x86_64 0.3.2.2 NOTE
r-release-windows-ix86+x86_64 0.3.2.2 93.00 132.00 225.00 OK
r-oldrel-macos-x86_64 0.3.2.2 NOTE
r-oldrel-windows-ix86+x86_64 0.3.2.2 63.00 130.00 193.00 OK

Check Details

Version: 0.3.2.2
Check: dependencies in R code
Result: NOTE
    Namespace in Imports field not imported from: ‘freetypeharfbuzz’
     All declared Imports should be used.
Flavors: r-devel-linux-x86_64-fedora-clang, r-devel-linux-x86_64-fedora-gcc, r-patched-solaris-x86, r-release-macos-x86_64, r-oldrel-macos-x86_64