Last updated on 2022-06-28 00:51:29 CEST.
Flavor | Version | Tinstall | Tcheck | Ttotal | Status | Flags |
---|---|---|---|---|---|---|
r-devel-linux-x86_64-debian-clang | 0.8-0 | 12.94 | 157.70 | 170.64 | NOTE | |
r-devel-linux-x86_64-debian-gcc | 0.8-0 | 9.12 | 115.74 | 124.86 | NOTE | |
r-devel-linux-x86_64-fedora-clang | 0.8-0 | 203.31 | NOTE | |||
r-devel-linux-x86_64-fedora-gcc | 0.8-0 | 204.42 | NOTE | |||
r-devel-windows-x86_64 | 0.8-0 | 85.00 | 211.00 | 296.00 | NOTE | |
r-patched-linux-x86_64 | 0.8-0 | 13.55 | 145.74 | 159.29 | OK | |
r-release-linux-x86_64 | 0.8-0 | 10.01 | 145.86 | 155.87 | OK | |
r-release-macos-arm64 | 0.8-0 | 61.00 | OK | |||
r-release-macos-x86_64 | 0.8-0 | 82.00 | OK | |||
r-release-windows-x86_64 | 0.8-0 | 65.00 | 218.00 | 283.00 | OK | |
r-oldrel-macos-arm64 | 0.8-0 | 61.00 | OK | |||
r-oldrel-macos-x86_64 | 0.8-0 | 92.00 | OK | |||
r-oldrel-windows-ix86+x86_64 | 0.8-0 | 24.00 | 208.00 | 232.00 | OK |
Version: 0.8-0
Check: Rd files
Result: NOTE
checkRd: (-1) Glass.Rd:21: Escaped LaTeX specials: \&
checkRd: (-1) Glass.Rd:22: Escaped LaTeX specials: \&
checkRd: (-1) Glass.Rd:23: Escaped LaTeX specials: \&
checkRd: (-1) Glass.Rd:24: Escaped LaTeX specials: \&
checkRd: (-1) Glass.Rd:25: Escaped LaTeX specials: \&
checkRd: (-1) Glass.Rd:28: Escaped LaTeX specials: \&
Flavors: r-devel-linux-x86_64-debian-clang, r-devel-linux-x86_64-debian-gcc, r-devel-linux-x86_64-fedora-clang, r-devel-linux-x86_64-fedora-gcc, r-devel-windows-x86_64