CRAN Package Check Results for Package varycoef

Last updated on 2020-09-21 19:59:16 CEST.

Flavor Version Tinstall Tcheck Ttotal Status Flags
r-devel-linux-x86_64-debian-clang 0.2.12 7.55 228.30 235.85 OK
r-devel-linux-x86_64-debian-gcc 0.2.12 5.73 179.76 185.49 OK
r-devel-linux-x86_64-fedora-clang 0.2.12 343.00 NOTE
r-devel-linux-x86_64-fedora-gcc 0.2.12 318.46 OK
r-devel-windows-ix86+x86_64 0.2.12 17.00 350.00 367.00 OK
r-patched-linux-x86_64 0.2.12 6.85 226.84 233.69 OK
r-patched-solaris-x86 0.2.12 720.90 OK
r-release-linux-x86_64 0.2.12 7.49 227.90 235.39 OK
r-release-macos-x86_64 0.2.12 OK
r-release-windows-ix86+x86_64 0.2.12 18.00 395.00 413.00 OK
r-oldrel-macos-x86_64 0.2.12 OK
r-oldrel-windows-ix86+x86_64 0.2.12 10.00 354.00 364.00 OK

Check Details

Version: 0.2.12
Check: Rd cross-references
Result: NOTE
    Undeclared package ‘spData’ in Rd xrefs
Flavor: r-devel-linux-x86_64-fedora-clang