CRAN Package Check Results for Package varjmcm

Last updated on 2022-08-11 12:55:46 CEST.

Flavor Version Tinstall Tcheck Ttotal Status Flags
r-devel-linux-x86_64-debian-clang 0.1.1 7.78 73.16 80.94 NOTE
r-devel-linux-x86_64-debian-gcc 0.1.1 5.67 56.08 61.75 NOTE
r-devel-linux-x86_64-fedora-clang 0.1.1 113.10 NOTE
r-devel-linux-x86_64-fedora-gcc 0.1.1 109.60 NOTE
r-devel-windows-x86_64 0.1.1 10.00 94.00 104.00 NOTE
r-patched-linux-x86_64 0.1.1 8.98 70.07 79.05 NOTE
r-release-linux-x86_64 0.1.1 NOTE
r-release-macos-arm64 0.1.1 30.00 NOTE
r-release-macos-x86_64 0.1.1 43.00 NOTE
r-release-windows-x86_64 0.1.1 18.00 94.00 112.00 NOTE
r-oldrel-macos-arm64 0.1.1 37.00 NOTE
r-oldrel-macos-x86_64 0.1.1 60.00 NOTE
r-oldrel-windows-ix86+x86_64 0.1.1 18.00 88.00 106.00 NOTE

Check Details

Version: 0.1.1
Check: LazyData
Result: NOTE
     'LazyData' is specified without a 'data' directory
Flavors: r-devel-linux-x86_64-debian-clang, r-devel-linux-x86_64-debian-gcc, r-devel-linux-x86_64-fedora-clang, r-devel-linux-x86_64-fedora-gcc, r-devel-windows-x86_64, r-patched-linux-x86_64, r-release-linux-x86_64, r-release-macos-arm64, r-release-macos-x86_64, r-release-windows-x86_64, r-oldrel-macos-arm64, r-oldrel-macos-x86_64, r-oldrel-windows-ix86+x86_64