CRAN Package Check Results for Package variantspark

Last updated on 2022-10-02 01:50:47 CEST.

Flavor Version Tinstall Tcheck Ttotal Status Flags
r-devel-linux-x86_64-debian-clang 0.1.1 9.20 66.50 75.70 NOTE
r-devel-linux-x86_64-debian-gcc 0.1.1 7.56 49.99 57.55 NOTE
r-devel-linux-x86_64-fedora-clang 0.1.1 101.91 NOTE
r-devel-linux-x86_64-fedora-gcc 0.1.1 102.79 NOTE
r-devel-windows-x86_64 0.1.1 43.00 91.00 134.00 NOTE
r-patched-linux-x86_64 0.1.1 8.74 61.21 69.95 NOTE
r-release-linux-x86_64 0.1.1 6.11 62.71 68.82 NOTE
r-release-macos-arm64 0.1.1 28.00 NOTE
r-release-macos-x86_64 0.1.1 49.00 NOTE
r-release-windows-x86_64 0.1.1 18.00 94.00 112.00 NOTE
r-oldrel-macos-arm64 0.1.1 32.00 NOTE
r-oldrel-macos-x86_64 0.1.1 53.00 NOTE
r-oldrel-windows-ix86+x86_64 0.1.1 19.00 91.00 110.00 NOTE

Check Details

Version: 0.1.1
Check: LazyData
Result: NOTE
     'LazyData' is specified without a 'data' directory
Flavors: r-devel-linux-x86_64-debian-clang, r-devel-linux-x86_64-debian-gcc, r-devel-linux-x86_64-fedora-clang, r-devel-linux-x86_64-fedora-gcc, r-devel-windows-x86_64, r-patched-linux-x86_64, r-release-linux-x86_64, r-release-macos-arm64, r-release-macos-x86_64, r-release-windows-x86_64, r-oldrel-macos-arm64, r-oldrel-macos-x86_64, r-oldrel-windows-ix86+x86_64