CRAN Package Check Results for Package varImp

Last updated on 2024-06-15 18:58:03 CEST.

Flavor Version Tinstall Tcheck Ttotal Status Flags
r-devel-linux-x86_64-debian-clang 0.4 7.65 120.20 127.85 NOTE
r-devel-linux-x86_64-debian-gcc 0.4 6.99 92.09 99.08 NOTE
r-devel-linux-x86_64-fedora-clang 0.4 170.75 NOTE
r-devel-linux-x86_64-fedora-gcc 0.4 153.93 NOTE
r-devel-windows-x86_64 0.4 8.00 115.00 123.00 NOTE
r-patched-linux-x86_64 0.4 9.89 116.36 126.25 NOTE
r-release-linux-x86_64 0.4 7.57 115.16 122.73 NOTE
r-release-macos-arm64 0.4 45.00 NOTE
r-release-macos-x86_64 0.4 67.00 NOTE
r-release-windows-x86_64 0.4 10.00 116.00 126.00 NOTE
r-oldrel-macos-arm64 0.4 54.00 NOTE
r-oldrel-macos-x86_64 0.4 76.00 NOTE
r-oldrel-windows-x86_64 0.4 11.00 141.00 152.00 NOTE

Check Details

Version: 0.4
Check: LazyData
Result: NOTE 'LazyData' is specified without a 'data' directory Flavors: r-devel-linux-x86_64-debian-clang, r-devel-linux-x86_64-debian-gcc, r-devel-linux-x86_64-fedora-clang, r-devel-linux-x86_64-fedora-gcc, r-devel-windows-x86_64, r-patched-linux-x86_64, r-release-linux-x86_64, r-release-macos-arm64, r-release-macos-x86_64, r-release-windows-x86_64, r-oldrel-macos-arm64, r-oldrel-macos-x86_64, r-oldrel-windows-x86_64