Last updated on 2022-06-26 06:50:52 CEST.
Flavor | Version | Tinstall | Tcheck | Ttotal | Status | Flags |
---|---|---|---|---|---|---|
r-devel-linux-x86_64-debian-clang | 1.2.4.29 | 10.29 | 73.05 | 83.34 | OK | |
r-devel-linux-x86_64-debian-gcc | 1.2.4.29 | 8.30 | 53.42 | 61.72 | OK | |
r-devel-linux-x86_64-fedora-clang | 1.2.4.29 | 112.11 | WARN | |||
r-devel-linux-x86_64-fedora-gcc | 1.2.4.29 | 105.62 | WARN | |||
r-devel-windows-x86_64 | 1.2.4.29 | 30.00 | 102.00 | 132.00 | OK | |
r-patched-linux-x86_64 | 1.2.4.29 | 9.32 | 67.28 | 76.60 | OK | |
r-release-linux-x86_64 | 1.2.4.29 | 8.07 | 65.83 | 73.90 | OK | |
r-release-macos-arm64 | 1.2.4.29 | 30.00 | NOTE | |||
r-release-macos-x86_64 | 1.2.4.29 | 46.00 | NOTE | |||
r-release-windows-x86_64 | 1.2.4.29 | 33.00 | 96.00 | 129.00 | OK | |
r-oldrel-macos-arm64 | 1.2.4.29 | 30.00 | NOTE | |||
r-oldrel-macos-x86_64 | 1.2.4.29 | 44.00 | NOTE | |||
r-oldrel-windows-ix86+x86_64 | 1.2.4.29 | 24.00 | 94.00 | 118.00 | OK |
Version: 1.2.4.29
Check: package dependencies
Result: WARN
Requires (indirectly) orphaned package: ‘gtools’
Flavors: r-devel-linux-x86_64-fedora-clang, r-devel-linux-x86_64-fedora-gcc
Version: 1.2.4.29
Check: dependencies in R code
Result: NOTE
Namespaces in Imports field not imported from:
‘MASS’ ‘car’ ‘tidyverse’
All declared Imports should be used.
Flavors: r-devel-linux-x86_64-fedora-clang, r-devel-linux-x86_64-fedora-gcc, r-release-macos-arm64, r-release-macos-x86_64, r-oldrel-macos-arm64, r-oldrel-macos-x86_64