Last updated on 2022-08-10 12:56:31 CEST.
Flavor | Version | Tinstall | Tcheck | Ttotal | Status | Flags |
---|---|---|---|---|---|---|
r-devel-linux-x86_64-debian-clang | 0.6.4 | 202.72 | 485.14 | 687.86 | OK | |
r-devel-linux-x86_64-debian-gcc | 0.6.4 | 163.41 | 366.93 | 530.34 | OK | |
r-devel-linux-x86_64-fedora-clang | 0.6.4 | 898.92 | NOTE | |||
r-devel-linux-x86_64-fedora-gcc | 0.6.4 | 856.99 | OK | |||
r-devel-windows-x86_64 | 0.6.4 | 166.00 | 454.00 | 620.00 | OK | |
r-patched-linux-x86_64 | 0.6.4 | 157.08 | 454.15 | 611.23 | OK | |
r-release-linux-x86_64 | 0.6.4 | OK | ||||
r-release-macos-arm64 | 0.6.4 | 206.00 | NOTE | |||
r-release-macos-x86_64 | 0.6.4 | 351.00 | NOTE | |||
r-release-windows-x86_64 | 0.6.4 | 165.00 | 520.00 | 685.00 | OK | |
r-oldrel-macos-arm64 | 0.6.4 | 195.00 | NOTE | |||
r-oldrel-macos-x86_64 | 0.6.4 | 257.00 | NOTE | |||
r-oldrel-windows-ix86+x86_64 | 0.6.4 | 178.00 | 9.00 | 187.00 | ERROR |
Version: 0.6.4
Check: installed package size
Result: NOTE
installed size is 6.7Mb
sub-directories of 1Mb or more:
libs 5.6Mb
Flavors: r-devel-linux-x86_64-fedora-clang, r-release-macos-arm64, r-release-macos-x86_64, r-oldrel-macos-arm64, r-oldrel-macos-x86_64
Version: 0.6.4
Check: whether package can be installed
Result: ERROR
Installation failed.
Flavor: r-oldrel-windows-ix86+x86_64