CRAN Package Check Results for Package valaddin

Last updated on 2022-09-25 12:56:11 CEST.

Flavor Version Tinstall Tcheck Ttotal Status Flags
r-devel-linux-x86_64-debian-clang 1.0.1 5.79 71.90 77.69 NOTE
r-devel-linux-x86_64-debian-gcc 1.0.1 4.44 53.76 58.20 NOTE
r-devel-linux-x86_64-fedora-clang 1.0.1 100.49 NOTE
r-devel-linux-x86_64-fedora-gcc 1.0.1 106.10 NOTE
r-devel-windows-x86_64 1.0.1 69.00 105.00 174.00 NOTE
r-patched-linux-x86_64 1.0.1 5.69 68.07 73.76 NOTE
r-release-linux-x86_64 1.0.1 5.27 67.36 72.63 NOTE
r-release-macos-arm64 1.0.1 26.00 NOTE
r-release-macos-x86_64 1.0.1 40.00 NOTE
r-release-windows-x86_64 1.0.1 66.00 104.00 170.00 NOTE
r-oldrel-macos-arm64 1.0.1 28.00 NOTE
r-oldrel-macos-x86_64 1.0.1 52.00 NOTE
r-oldrel-windows-ix86+x86_64 1.0.1 10.00 98.00 108.00 NOTE

Check Details

Version: 1.0.1
Check: LazyData
Result: NOTE
     'LazyData' is specified without a 'data' directory
Flavors: r-devel-linux-x86_64-debian-clang, r-devel-linux-x86_64-debian-gcc, r-devel-linux-x86_64-fedora-clang, r-devel-linux-x86_64-fedora-gcc, r-devel-windows-x86_64, r-patched-linux-x86_64, r-release-linux-x86_64, r-release-macos-arm64, r-release-macos-x86_64, r-release-windows-x86_64, r-oldrel-macos-arm64, r-oldrel-macos-x86_64, r-oldrel-windows-ix86+x86_64